**2 - 4*s - 3. Let o(n) = n**2 - 4*n - 3. Let h(t) = -4*b(t) + 5*o(t). List the prime factors of h(u).
2, 3
Suppose 237 = 3*x + 54. Suppose p + x = i + 3*i, 0 = -3*i + p + 47. What are the prime factors of 4/i - (-36)/21?
2
Let f = 1 - -1. Suppose 2*p = -4*g + 50, -2*g = f*g - 3*p - 35. What are the prime factors of -2 + (g/1 - 0)?
3
Let y(x) = 2*x - 3. Let n be y(6). Suppose 5 = -w + n. What are the prime factors of w?
2
Suppose -5*o - 13 + 48 = -5*k, k - 4*o + 22 = 0. List the prime factors of (k + 1)*-13 + -3.
2, 5
Suppose 6*z - 3*z - 12 = 0. Let y(m) = -m**3 + 3*m + 2. Let u be y(-1). Suppose -f + 0 + z = u. What are the prime factors of f?
2
Suppose -193 - 26 = -3*k. Suppose -4*b + k = 17. What are the prime factors of b?
2, 7
Suppose -q + 50 = -s, -3*s = -2*q - 0*q + 105. What are the prime factors of q?
3, 5
Suppose -8 = -4*b - 0. Suppose b = -3*i - 4*n, -n + 6*n + 49 = 4*i. What are the prime factors of i?
2, 3
Let i(f) = 2*f**3 + 14*f**2 + 13*f - 16. Let k(y) = y**3 + 14*y**2 + 14*y - 17. Let d(u) = 2*i(u) - 3*k(u). What are the prime factors of d(15)?
2
Let n = -1 + 10. Let s be 40/6 - (-3)/n. Let x(b) = b + 2. What are the prime factors of x(s)?
3
Let l(u) = -u**2 + 10*u - 6. Let r be l(9). Suppose 2*f + 9 = -r*v + 28, -2*v - 2*f + 12 = 0. What are the prime factors of v?
7
Suppose t + 3*d = 32 + 8, -8 = -4*d. List the prime factors of t.
2, 17
What are the prime factors of (-35)/(-2)*96/56?
2, 3, 5
What are the prime factors of (-82)/(-4) + 11/(-22)?
2, 5
Let u be 7749/36 + 1/(-4). Suppose 0*a = 5*a - u. List the prime factors of a.
43
Suppose 0*m = -3*m - 81. Let z = m + 40. Suppose 4*x - 5*t = -z, 4*t = -x - 3*x + 32. List the prime factors of x.
3
Suppose 3*w = 4*c + 7, -3*c = w - 7 - 4. Let v = w + -3. List the prime factors of v.
2
Suppose 2*z = -2*v - 1 + 9, 5*v - 5*z = 60. Let f = 4 - v. Let l(x) = -x**2 - 9*x - 2. What are the prime factors of l(f)?
2, 3
Let a = -9 - -16. Let n = a - 3. What are the prime factors of n?
2
What are the prime factors of 6/(-18) - (-49)/3?
2
Suppose -2*n - 8 = -3*n. Let b = 22 - n. List the prime factors of b.
2, 7
Let x(r) = r**2 + 2*r + 2. Let q be x(-2). Let b be q + -1 + -1 - -4. What are the prime factors of (-6)/b*(-28)/6?
7
Let h(g) = -g**3 - 7*g**2 + 4. Let y be h(-7). Suppose y*j - 76 = w, 0*w = j + 3*w - 32. List the prime factors of j.
2, 5
Suppose y + 4*c - 47 = 0, 0*c = -2*y - 3*c + 94. What are the prime factors of y?
47
Suppose 2*p - 9 = 61. List the prime factors of p.
5, 7
Let n = 58 - 22. Let q = -20 + n. What are the prime factors of q?
2
Let n(g) = g**2 - g + 1. What are the prime factors of n(-7)?
3, 19
What are the prime factors of (-20)/(-3)*(204/5)/2?
2, 17
Let v = 2 - -2. Let s(q) be the first derivative of q**4/4 - 4*q**3/3 + q**2 + 3*q + 1. List the prime factors of s(v).
11
Suppose -3*h + 827 = 5*n, 4*n = -n - h + 819. List the prime factors of n.
163
Let a = 0 - -1. Suppose -3*f + a = -5. List the prime factors of 94/14 - f/(-7).
7
Suppose 2*q - 160 = 198. List the prime factors of q.
179
Suppose 4*r - 23 - 5 = 0. List the prime factors of r.
7
Suppose -5*x + 37 + 93 = 0. What are the prime factors of x?
2, 13
Suppose 658 = m + m. What are the prime factors of m?
7, 47
Let n = -9 - -9. Suppose 0 = -s + 4 - 0. Let z = s - n. List the prime factors of z.
2
Let q be ((-12)/(-3))/((-2)/(-7)). Suppose -q = 5*o - 79. List the prime factors of o.
13
Suppose 25 = -0*k - k. Let o = k + 55. What are the prime factors of o?
2, 3, 5
Let p = 5 - 5. Suppose p = -3*n + 21 + 60. What are the prime factors of n?
3
Let d = -219 + 321. What are the prime factors of d?
2, 3, 17
Let d(f) = 42*f + 2. Let k be d(5). Suppose g - k = -5*j - 0*g, j - 52 = 3*g. What are the prime factors of j?
43
Suppose 5*z - 848 = -2*f, 0*z - 336 = -2*z - 4*f. What are the prime factors of z?
2, 5, 17
List the prime factors of 84/((-5)/(10/(-4))).
2, 3, 7
Suppose 0 = -3*k - 3*g + 36, 0 = 4*k - 0*k + 5*g - 50. What are the prime factors of k/((-8)/(-12)*3)?
5
Let c(i) = -i**3 + 7*i**2 - i + 2. List the prime factors of c(6).
2
Let l(o) = -3 + o + 3*o + 5*o + 6. Let b be l(6). What are the prime factors of 8*(b/12 + -3)?
2, 7
Let i = -148 - -208. What are the prime factors of i?
2, 3, 5
Let c = -1 - -1. Suppose 2*f + f - 33 = c. Let n = f + 1. What are the prime factors of n?
2, 3
Let s = 22 + -18. Suppose -136 = -s*v + 16. What are the prime factors of v?
2, 19
Suppose -83 = -3*t + 2*g, -4*g - 2 = -2*g. Let s = t - 10. List the prime factors of s.
17
Suppose p - 9 - 51 = 0. Suppose -p = -3*a - 15. What are the prime factors of a?
3, 5
Suppose -4*o - 35 = -q - 11, -2*q - 7 = 3*o. List the prime factors of 275/5*(-3)/o.
3, 11
Suppose 3*b = 0, b + 201 = 2*n + 51. What are the prime factors of n?
3, 5
Let t(a) be the first derivative of -9*a**2/2 - 1. List the prime factors of t(-1).
3
Let v = 164 + -41. What are the prime factors of v?
3, 41
Let s(m) be the second derivative of m**3/6 - m. Let w(y) = -y**2 - 8*y - 3. Let p be w(-6). What are the prime factors of s(p)?
3
Let d(i) = 3*i - 7. What are the prime factors of d(3)?
2
Let d = 23 + -53. Let a = -20 - d. List the prime factors of a.
2, 5
Let t(q) = -q**2 - 5*q. Let m be t(-5). Suppose 3*x = -m*x + 39. List the prime factors of x.
13
Let p = 8 - -12. Let k be (1 + (-7)/3)*-3. Suppose -2*h = -5*b + 25, h - 13 = -k*b + p. List the prime factors of b.
7
Suppose -2*w = -8 - 28. Let k = 25 - w. Let q = 3 + k. List the prime factors of q.
2, 5
Let n(t) = t**2 + 6*t. Let a be n(-6). List the prime factors of -2 - (-24 + a/(-2)).
2, 11
Let i(o) be the second derivative of 0 - 2*o + 1/12*o**4 + 3/2*o**2 + 1/6*o**3. List the prime factors of i(0).
3
Let x be (12/9)/(2/6). Suppose x*l - 6*l + 14 = 0. What are the prime factors of l?
7
Suppose 5*a - 176 - 29 = 0. Suppose -a = -3*b + 10. What are the prime factors of b?
17
Let g = 6 + -6. Suppose -5*y + 20 = g, q + 0*q + 4*y = 18. List the prime factors of q.
2
Suppose 2*s + 3*j - 3 = 34, 2*s = -5*j + 39. Suppose 4*i + 2*r - 41 = r, 2*i - 3*r = s. List the prime factors of i.
2, 5
Suppose -l = i - 34 - 90, 0 = -2*l. List the prime factors of i.
2, 31
Let c(d) = d - 3. Let u be c(3). Suppose b - 6*b + 45 = u. What are the prime factors of b?
3
Let u(z) = -30*z + 5. Let o be u(-3). Suppose -4*s - o = -9*s. What are the prime factors of s?
19
Let c = -58 - -143. Suppose 4*i = 2*y - 35 + 5, 3*y + 4*i - c = 0. What are the prime factors of y?
23
Suppose -592 = -8*q - 104. List the prime factors of q.
61
Let l = -7 + 1. Let d = -2 - 2. Let k = d - l. List the prime factors of k.
2
Suppose p - 3 = 10. What are the prime factors of p?
13
Suppose 4*l + 3*x + 32 = 0, -5*x - 10 = 10. Let p be 2/(1 + 1) - l. Suppose -m - 27 = -2*f, -2*f - p*m + 9 = -m. What are the prime factors of f?
2, 3
Let l = -150 + -218. List the prime factors of (3/(-2))/(24/l).
23
Let r be (2/(-4))/(2/(-80)). Suppose -3*k + 2*i + r = 0, -2*i = k - 2 - 2. List the prime factors of k.
2, 3
Suppose 3*z - 6 - 15 = 0. List the prime factors of z.
7
Let x be -6*(-1 - (-3)/6). Suppose 117 = -x*a + 4*n, 0 = -3*a + 2*a + 4*n - 39. What are the prime factors of (-186)/(-26) - (-6)/a?
7
Suppose 5*b - 315 = 2*b. List the prime factors of b.
3, 5, 7
Let m(s) = -s**2 - 7*s - 1. Let u be m(-6). Let k = 0 + u. List the prime factors of k.
5
Let n = 16 - -51. List the prime factors of n.
67
Suppose -35 - 9 = -2*c. List the prime factors of c.
2, 11
Suppose 3*r = 4*r. Suppose r = -2*o - 6 - 2. Let v(l) = -l**3 - 3*l**2 + l - 3. List the prime factors of v(o).
3
Let s = -7 + 10. Let d be (0 + (-20)/s)*-3. Suppose 2*x - 4 = d. What are the prime factors of x?
2, 3
Suppose -2*g - 2*u - 12 = 0, g + 4*u - 24 = 5*g. Let o(v) = -v**3 - 5*v**2 + 6*v + 9. List the prime factors of o(g).
3
Let q(p) = 3*p - 16. What are the prime factors of q(15)?
29
Let p(j) = -19*j - 3. Let f(u) = -9*u - 1. Let a(o) = -5*f(o) + 2*p(o). What are the prime factors of a(1)?
2, 3
Let m be 3/6*-2 - -9. Suppose -5*y + 20 = -5*g, 5*y + 2*g = g + m. Suppose -z + 15 = -0*z + u, -4*u - 36 = -y*z. What are the prime factors of z?
2
Let c(u) = -u**3 - 2*u**2 + 6*u - 2. Let h(v) = -v**2 - v. Let z(w) = -c(w) - h(w). List the prime factors of z(-4).
2, 3
Let i(t) = -5*t + t + 6*t - 6. What are the prime fac